{"id":110,"date":"2014-05-22T14:44:51","date_gmt":"2014-05-22T13:44:51","guid":{"rendered":"http:\/\/eglisebethelduvar.fr\/?page_id=110"},"modified":"2014-05-22T14:52:46","modified_gmt":"2014-05-22T13:52:46","slug":"timothee","status":"publish","type":"page","link":"https:\/\/eglisebethelduvar.fr\/?page_id=110","title":{"rendered":"Timoth\u00e9e"},"content":{"rendered":"<p><em>le 17\/02\/2011 14:33:36<\/em><\/p>\n<p><strong>Gloire au Dieu Tr\u00e8s Haut qui agit en faveur de ses enfants!\u00a0<\/strong><\/p>\n<p>Je b\u00e9nis Dieu de ce que vous ayez pri\u00e9 pour mon petit Timoth\u00e9e de 3 ans et demi. Il souffrait de difficult\u00e9 et de retard de langage. Actuellement il est suivi par un p\u00e9dopsychiatre et une orthophoniste. Vous avez pri\u00e9 pour Timoth\u00e9e jeudi dernier vers 17h30. Je m&rsquo;en souviens, parce que vous m&rsquo;avez demand\u00e9 de tenir Timoth\u00e9e sur mes genoux.<br \/>\nQuand la pri\u00e8re a \u00e9t\u00e9 termin\u00e9, j&rsquo;ai eu dans mon coeur une conviction qui m&rsquo;a donn\u00e9 joie et reconnaissance, cette conviction, que cette fois \u00e7a y \u00e9tait. J&rsquo;ai commenc\u00e9 \u00e0 parler de ces probl\u00e8mes de langages au pass\u00e9, et \u00e0 remercier Dieu, \u00e0 rendre gr\u00e2ce dans le nom de J\u00e9sus. Comme vous m&rsquo;avez encourag\u00e9e \u00e0 le faire. Avant Timoth\u00e9e n&rsquo;avait pas plus de cinq mots de vocabulaire: \u00ab\u00a0Papa\u00a0\u00bb, \u00ab\u00a0Maman\u00a0\u00bb, \u00ab\u00a0Sss\u00a0\u00bb pour merci, \u00ab\u00a0Da\u00a0\u00bb pour donne, \u00ab\u00a0\u00e7a\u00a0\u00bb.<br \/>\n\u00ab\u00a0Miaou\u00a0\u00bb s&rsquo;arr\u00eatait \u00e0 \u00ab\u00a0Mia\u00a0\u00bb dans sa bouche. Mais depuis, les mots nouveaux pleuvent: deux \u00e0 trois par jour (il n&rsquo;y a pas une semaine que vous nous avez la gr\u00e2ce de prier pour lu, b\u00e9ni soit le Nom du Seigneur!) \u00ab\u00a0chat\u00a0\u00bb; \u00ab\u00a0tiens\u00a0\u00bb; \u00ab\u00a0viens\u00a0\u00bb; \u00ab\u00a0encore\u00a0\u00bb; \u00ab\u00a0donne\u00a0\u00bb; et le plus important, bien s\u00fbr \u00ab\u00a0non!\u00a0\u00bb Maintenant, il trouve son nez, ses yeux et ses oreilles, ses cheveux quand on lui demande. Il recommence \u00e0 s&rsquo;alimenter sans r\u00e9ticence ni caprice, m\u00eame \u00e0 la cantine. On peut communiquer avec lui, lui demander d&rsquo;enlever son bonnet et son manteau quand il arrive quelque part sans qu&rsquo;il ne fasse de crise. Enfin je peux parler \u00e0 mon fils sans cris ni pleurs! Ni de sa part, ni de la mienne. Merci mon Dieu pour ce fardeau qui tombe. Je ne sais pas quoi dire de plus, je ne suis pas tr\u00e8s formule&#8230;Je sais juste que mon Sauveur, mon R\u00e9dempteur vit et qu&rsquo;il a eu piti\u00e9 de moi et de mon fils.<br \/>\nQue ferai-je pour Lui, Lui qui a tant fait pour moi? M\u00eame l&rsquo;orthophoniste qui l&rsquo;a vu aujourd&rsquo;hui a constat\u00e9 de tr\u00e8s grands progr\u00e8s.<\/p>\n<p>et tous les m\u00e9decins s&rsquo;accordent \u00e0 dire qu&rsquo;il a fait de grand progr\u00e8s (institutrices, orthophoniste et p\u00e9dopsychiatre). Le p\u00e9dopsychiatre nous a dit m\u00eame la semaine derni\u00e8re qu&rsquo;il faisait partie de la \u00ab\u00a0cat\u00e9gorie d&rsquo;enfants qu&rsquo;on peut ramener comme les enfants normaux!!!\u00a0\u00bb Il nous encourage\u00a0 \u00e0 pers\u00e9v\u00e9rer,<br \/>\nJe vous remercie et vous b\u00e9nis parce que vous m&rsquo;avez rendu espoir et courage dans la pri\u00e8re. Soyez b\u00e9ni, que Dieu rajoute encore une mesure bien tass\u00e9e et qui d\u00e9borde \u00e0 votre portion. Fr\u00e8re si bon pour nous, que ferai-je pour vous? Que le Seigneur vous comble de ses b\u00e9n\u00e9dictions et votre r\u00e9compense aux cieux aupr\u00e8s du P\u00e8re soit grande. soyez b\u00e9nis, vous et tous ceux qui vous sont chers! Soyez b\u00e9nis. Merci. Vraiment.<\/p>\n<p>Depuis peu, Timoth\u00e9e dit \u00ab\u00a0Amen\u00a0\u00bb lorsque nous rendons gr\u00e2ce pour le repas!<\/p>\n<p>Avec un coeur reconnaissant<\/p>\n<p><strong>Fonegna C.\u00a0 le 17 02 2011 dept 33<\/strong><\/p>\n","protected":false},"excerpt":{"rendered":"<p>le 17\/02\/2011 14:33:36 Gloire au Dieu Tr\u00e8s Haut qui agit en faveur de ses enfants!\u00a0 Je b\u00e9nis Dieu de ce que vous ayez pri\u00e9 pour mon petit Timoth\u00e9e de 3 ans et demi. Il souffrait de difficult\u00e9 et de retard &hellip; <a href=\"https:\/\/eglisebethelduvar.fr\/?page_id=110\">Continuer la lecture <span class=\"meta-nav\">&rarr;<\/span><\/a><\/p>\n","protected":false},"author":1,"featured_media":0,"parent":0,"menu_order":0,"comment_status":"closed","ping_status":"closed","template":"","meta":[],"_links":{"self":[{"href":"https:\/\/eglisebethelduvar.fr\/index.php?rest_route=\/wp\/v2\/pages\/110"}],"collection":[{"href":"https:\/\/eglisebethelduvar.fr\/index.php?rest_route=\/wp\/v2\/pages"}],"about":[{"href":"https:\/\/eglisebethelduvar.fr\/index.php?rest_route=\/wp\/v2\/types\/page"}],"author":[{"embeddable":true,"href":"https:\/\/eglisebethelduvar.fr\/index.php?rest_route=\/wp\/v2\/users\/1"}],"replies":[{"embeddable":true,"href":"https:\/\/eglisebethelduvar.fr\/index.php?rest_route=%2Fwp%2Fv2%2Fcomments&post=110"}],"version-history":[{"count":1,"href":"https:\/\/eglisebethelduvar.fr\/index.php?rest_route=\/wp\/v2\/pages\/110\/revisions"}],"predecessor-version":[{"id":111,"href":"https:\/\/eglisebethelduvar.fr\/index.php?rest_route=\/wp\/v2\/pages\/110\/revisions\/111"}],"wp:attachment":[{"href":"https:\/\/eglisebethelduvar.fr\/index.php?rest_route=%2Fwp%2Fv2%2Fmedia&parent=110"}],"curies":[{"name":"wp","href":"https:\/\/api.w.org\/{rel}","templated":true}]}}