{"id":158,"date":"2014-09-08T08:08:42","date_gmt":"2014-09-08T07:08:42","guid":{"rendered":"http:\/\/eglisebethelduvar.fr\/?page_id=158"},"modified":"2015-01-07T19:02:30","modified_gmt":"2015-01-07T18:02:30","slug":"4e-conference-annuelle","status":"publish","type":"page","link":"https:\/\/eglisebethelduvar.fr\/?page_id=158","title":{"rendered":"4e conf\u00e9rence annuelle le 12 \/ 14 sept 2014"},"content":{"rendered":"<p><strong><span class=\"rouge bold\">Date :<\/span><\/strong><\/p>\n<p>Du 7 Septembre 2014 au 14 Septembre 2014<\/p>\n<p><strong><span class=\"rouge bold\">Lieu :<\/span><\/strong><\/p>\n<p>Eglise Bethel du Var zi bec de canard<br \/>\nrue baron dominique larey<br \/>\n83210 la farl\u00e8de<\/p>\n<p><strong><span class=\"rouge bold\">Programme :<\/span><\/strong><\/p>\n<p>Bonjour \u00e0 tous, Cette ann\u00e9e encore, nous recevons notre partenaire et compagnon d&rsquo;oeuvre Joe Shrader des USA. Le th\u00e8me de la conf\u00e9rence est le don de soi dans l&rsquo;\u00e9vang\u00e9lisation et dans le royaume de Dieu. Pr\u00e9ambule\u00a0:\u00a0Le dimanche 7 septembre \u00a0\u00e0 17h00 (lieu la farl\u00e8de)\u00a0: le th\u00e8me est\u00a0: les forteresses qui emp\u00eachent le salut\u00a0? La conf\u00e9rence\u00a0:\u00a0Vendredi 12 septembre\u00a0: 20h00Samedi 13 septembre (lieu Sanary sur mer pour le vendredi est le samedi voir plan)\u00a0: \u00a015h00 \/ 17h00 Agape tous ensemble (prenez votre repas).Seconde r\u00e9union 19h30 \/ 21h30. Dimanche 14 septembre\u00a0: 17h00\u00a0(lieu la farl\u00e8de voir plan)\u00a0.\u00a0Entr\u00e9e libre et gratuite.Tenue et comportement correct demand\u00e9<\/p>\n<p><strong><span class=\"rouge bold\">Tarifs et infos transports :<\/span><\/strong><\/p>\n<p>Comment venir pour l&rsquo;\u00e9glise Bethel de la Farl\u00e8de\u00a0: en venant de Marseille ou de Toulon ou de la Valette du Var\u00a0 sortie n\u00b06 ( la Farl\u00e8de, La Crau), puis \u00e0 droite direction la CRAU,\u00a0 au 1er rd point, prendre la 3e sortie dans le rd point \u00ab\u00a0ZI Bec de Canard\u00a0\u00bb, apr\u00e8s un virage \u00e0 droite, faire environ 200m et la salle se trouve \u00e0 droite (panneau noir \u00e9crit son d\u2019or entre Fresh loueur de V\u00e9hicules et contr\u00f4le technique Autovision), portail blanc. &#8211; en venant de Nice ou Sollies pont\u00a0: sortie n\u00b0 6 ( la Farl\u00e8de, La Crau),\u00a0 au 1er rd point prendre direction la Crau, au second rd point (apr\u00e8s la descente) prendre la 3e sortie dans le rd point , direction ZI Bec de canard. Apr\u00e8s un virage \u00e0 droite, faire environ 200m et la salle se trouve \u00e0 droite (panneau noir \u00e9crit son d\u2019or entre Fresh loueur de V\u00e9hicules et contr\u00f4le technique Autovision transparent;\u00a0\u00bb&gt;Allez au bout du b\u00e2timent, entr\u00e9e sur le tapis vert , porte vitr\u00e9e la plus \u00e0 gauche.comment venir \u00e0 Sanary sur mer\u00a0:Camping les amandiers 724 chemin du Lan\u00e7on 83110 Sanary sur Mer En venant de Toulon\u00a0: arriv\u00e9 \u00e0 Sanary\u00a0: \u00a0 Au rond-point, prendre \u00e0 droite Chemin de la Devinotte et continuer sur 922 m Au rond-point\u00a0<strong>Chemin de la Devinotte<\/strong>, prendre \u00e0 gauche Chemin Raoul Coletta et continuer sur 562 m \u00a0Au rond-point, continuer tout droit\u00a0<strong>Chemin de la Tourelle <\/strong>et continuer sur 146 m\u00a0 Au rond-point\u00a0<strong>Chemin de la Tourelle<\/strong>, prendre \u00e0 gauche Chemin du Lan\u00e7on et continuer sur 713 m Tourner \u00e0 droite apr\u00e8s la boite aux lettres bleue Entrer dans le camping jusqu&rsquo;au filet de volley, vous \u00eates arriv\u00e9. \u00a0 En venant de Marseille\u00a0: \u00a0 sortir \u00e0 Bandol, suivre la direction Sanary, \u00e0 l&rsquo;entr\u00e9e de Sanary ne pas prendre centre ville mais suivre direction Toulon, au niveau de la chapelle tourner sur Pierredon. Tourner \u00e0 droite apr\u00e8s la boite aux lettres bleue Entrer dans le camping jusqu&rsquo;au filet de volley, vous \u00eates arriv\u00e9.<\/p>\n<p><br \/>\n<strong><span class=\"rouge bold\">Plus d&rsquo;infos :<\/span><\/strong><\/p>\n<p>T\u00e9l : \/ 0621966209<br \/>\nE-mail : <a class=\"texte01\" href=\"mailto:eglisebethelduvar@orange.fr\" target=\"_blank\">eglisebethelduvar@orange.fr<\/a><br \/>\nWeb : <a class=\"texte01\" href=\"http:\/\/www.eglisebethelduvar.fr\" target=\"_blank\">www.eglisebethelduvar.fr<\/a><\/p>\n<p>&nbsp;<\/p>\n","protected":false},"excerpt":{"rendered":"<p>Date : Du 7 Septembre 2014 au 14 Septembre 2014 Lieu : Eglise Bethel du Var zi bec de canard rue baron dominique larey 83210 la farl\u00e8de Programme : Bonjour \u00e0 tous, Cette ann\u00e9e encore, nous recevons notre partenaire et &hellip; <a href=\"https:\/\/eglisebethelduvar.fr\/?page_id=158\">Continuer la lecture <span class=\"meta-nav\">&rarr;<\/span><\/a><\/p>\n","protected":false},"author":1,"featured_media":0,"parent":0,"menu_order":0,"comment_status":"closed","ping_status":"closed","template":"","meta":[],"_links":{"self":[{"href":"https:\/\/eglisebethelduvar.fr\/index.php?rest_route=\/wp\/v2\/pages\/158"}],"collection":[{"href":"https:\/\/eglisebethelduvar.fr\/index.php?rest_route=\/wp\/v2\/pages"}],"about":[{"href":"https:\/\/eglisebethelduvar.fr\/index.php?rest_route=\/wp\/v2\/types\/page"}],"author":[{"embeddable":true,"href":"https:\/\/eglisebethelduvar.fr\/index.php?rest_route=\/wp\/v2\/users\/1"}],"replies":[{"embeddable":true,"href":"https:\/\/eglisebethelduvar.fr\/index.php?rest_route=%2Fwp%2Fv2%2Fcomments&post=158"}],"version-history":[{"count":3,"href":"https:\/\/eglisebethelduvar.fr\/index.php?rest_route=\/wp\/v2\/pages\/158\/revisions"}],"predecessor-version":[{"id":162,"href":"https:\/\/eglisebethelduvar.fr\/index.php?rest_route=\/wp\/v2\/pages\/158\/revisions\/162"}],"wp:attachment":[{"href":"https:\/\/eglisebethelduvar.fr\/index.php?rest_route=%2Fwp%2Fv2%2Fmedia&parent=158"}],"curies":[{"name":"wp","href":"https:\/\/api.w.org\/{rel}","templated":true}]}}