{"id":187,"date":"2017-08-15T17:53:37","date_gmt":"2017-08-15T16:53:37","guid":{"rendered":"http:\/\/eglisebethelduvar.fr\/?page_id=187"},"modified":"2017-08-15T17:53:37","modified_gmt":"2017-08-15T16:53:37","slug":"invitation-inauguration-nouvelle-salle-eglise-bethel-du-var","status":"publish","type":"page","link":"https:\/\/eglisebethelduvar.fr\/?page_id=187","title":{"rendered":"INVITATION INAUGURATION NOUVELLE SALLE EGLISE BETHEL DU VAR"},"content":{"rendered":"<p>Chers tous,<\/p>\n<p>Nous vous invitons ce dimanche 13 ao\u00fbt \u00e0 la pr\u00e9-inauguration de notre nouveau lieu de Culte \u00e0 16h45.<\/p>\n<p>Nous souhaitons votre pr\u00e9sence parmi nous, ce serait une joie !<\/p>\n<p>Un rafra\u00eechissement sera offert \u00e0 l&rsquo;issue du Culte.<\/p>\n<p>Au programme :<\/p>\n<p>Pri\u00e8re,<br \/>\nMessage du Pasteur Marcel Kohpcke,<br \/>\nMessage du Pasteur Francky Febvay,<br \/>\nLouanges et r\u00e9jouissances.<\/p>\n<p>Merci de votre retour \u00e0 cette invitation,<\/p>\n<p>Dieu vous b\u00e9nisse en J\u00e9sus.<\/p>\n<p>Francky et Val\u00e9rie Febvay<\/p>\n","protected":false},"excerpt":{"rendered":"<p>Chers tous, Nous vous invitons ce dimanche 13 ao\u00fbt \u00e0 la pr\u00e9-inauguration de notre nouveau lieu de Culte \u00e0 16h45. Nous souhaitons votre pr\u00e9sence parmi nous, ce serait une joie ! Un rafra\u00eechissement sera offert \u00e0 l&rsquo;issue du Culte. Au &hellip; <a href=\"https:\/\/eglisebethelduvar.fr\/?page_id=187\">Continuer la lecture <span class=\"meta-nav\">&rarr;<\/span><\/a><\/p>\n","protected":false},"author":1,"featured_media":0,"parent":0,"menu_order":0,"comment_status":"closed","ping_status":"closed","template":"","meta":[],"_links":{"self":[{"href":"https:\/\/eglisebethelduvar.fr\/index.php?rest_route=\/wp\/v2\/pages\/187"}],"collection":[{"href":"https:\/\/eglisebethelduvar.fr\/index.php?rest_route=\/wp\/v2\/pages"}],"about":[{"href":"https:\/\/eglisebethelduvar.fr\/index.php?rest_route=\/wp\/v2\/types\/page"}],"author":[{"embeddable":true,"href":"https:\/\/eglisebethelduvar.fr\/index.php?rest_route=\/wp\/v2\/users\/1"}],"replies":[{"embeddable":true,"href":"https:\/\/eglisebethelduvar.fr\/index.php?rest_route=%2Fwp%2Fv2%2Fcomments&post=187"}],"version-history":[{"count":1,"href":"https:\/\/eglisebethelduvar.fr\/index.php?rest_route=\/wp\/v2\/pages\/187\/revisions"}],"predecessor-version":[{"id":188,"href":"https:\/\/eglisebethelduvar.fr\/index.php?rest_route=\/wp\/v2\/pages\/187\/revisions\/188"}],"wp:attachment":[{"href":"https:\/\/eglisebethelduvar.fr\/index.php?rest_route=%2Fwp%2Fv2%2Fmedia&parent=187"}],"curies":[{"name":"wp","href":"https:\/\/api.w.org\/{rel}","templated":true}]}}