{"id":41,"date":"2014-05-19T11:28:29","date_gmt":"2014-05-19T10:28:29","guid":{"rendered":"http:\/\/eglisebethelduvar.fr\/?page_id=41"},"modified":"2014-05-21T19:28:18","modified_gmt":"2014-05-21T18:28:18","slug":"partenaires","status":"publish","type":"page","link":"https:\/\/eglisebethelduvar.fr\/?page_id=41","title":{"rendered":"Partenaires"},"content":{"rendered":"<p><a href=\"http:\/\/eglisebethelduvar.fr\/wp-content\/uploads\/2014\/05\/CIMG0538.jpg\"><img loading=\"lazy\" class=\"size-full wp-image-42 aligncenter\" src=\"http:\/\/eglisebethelduvar.fr\/wp-content\/uploads\/2014\/05\/CIMG0538.jpg\" alt=\"CIMG0538\" width=\"480\" height=\"360\" srcset=\"https:\/\/eglisebethelduvar.fr\/wp-content\/uploads\/2014\/05\/CIMG0538.jpg 480w, https:\/\/eglisebethelduvar.fr\/wp-content\/uploads\/2014\/05\/CIMG0538-300x225.jpg 300w\" sizes=\"(max-width: 480px) 100vw, 480px\" \/><\/a><\/p>\n<p style=\"text-align: center;\">De gauche \u00e0 droite : Jean Pierre rouxel Pasteur dans la r\u00e9gion parisienne, Joe shrader proph\u00e8te aux USA,\u00a0Pasteur de l&rsquo;Eglise B\u00e9thel du Var, Francky Febvay<\/p>\n<p style=\"text-align: center;\"><a href=\"http:\/\/eglisebethelduvar.fr\/wp-content\/uploads\/2014\/05\/image0011.jpg\"><img loading=\"lazy\" class=\"alignnone size-full wp-image-68\" src=\"http:\/\/eglisebethelduvar.fr\/wp-content\/uploads\/2014\/05\/image0011.jpg\" alt=\"image0011\" width=\"100\" height=\"82\" \/><\/a><\/p>\n<p style=\"text-align: center;\"><a href=\"http:\/\/eglisebethelduvar.fr\/wp-content\/uploads\/2014\/05\/famille2.jpg\"><img loading=\"lazy\" class=\"alignnone size-full wp-image-70\" src=\"http:\/\/eglisebethelduvar.fr\/wp-content\/uploads\/2014\/05\/famille2.jpg\" alt=\"famille2\" width=\"241\" height=\"198\" \/><\/a><\/p>\n<p style=\"text-align: center;\">Simon Y\u00e9omans (et son \u00e9pouse) Directeur d&rsquo;Op\u00e9ration Mobilisation France.<br \/>\nPr\u00e9dicateur.<br \/>\nPartenaire de l&rsquo;Eglise B\u00e9thel du Var.<\/p>\n<p style=\"text-align: center;\"><a href=\"http:\/\/eglisebethelduvar.fr\/wp-content\/uploads\/2014\/05\/famille.jpg\"><img loading=\"lazy\" class=\"alignnone size-full wp-image-71\" src=\"http:\/\/eglisebethelduvar.fr\/wp-content\/uploads\/2014\/05\/famille.jpg\" alt=\"famille\" width=\"285\" height=\"183\" \/><\/a><\/p>\n<p style=\"text-align: center;\">Paul Dixon (son \u00e9pouse et ses enfants)<br \/>\nResponsable p\u00f4le \u00e9vang\u00e9lisation \u00e0 OM France<br \/>\nPr\u00e9dicateur.<br \/>\nPartenaire de l&rsquo;Eglise B\u00e9thel du var<\/p>\n<p style=\"text-align: center;\"><a title=\"Connaitre Dieu\" href=\"http:\/\/connaitredieu.com\" target=\"_blank\"><img loading=\"lazy\" class=\"alignnone size-full wp-image-73\" src=\"http:\/\/eglisebethelduvar.fr\/wp-content\/uploads\/2014\/05\/connaitredieu.com_2.png\" alt=\"connaitredieu.com_2\" width=\"278\" height=\"50\" \/><\/a><\/p>\n<p style=\"text-align: center;\">\n","protected":false},"excerpt":{"rendered":"<p>De gauche \u00e0 droite : Jean Pierre rouxel Pasteur dans la r\u00e9gion parisienne, Joe shrader proph\u00e8te aux USA,\u00a0Pasteur de l&rsquo;Eglise B\u00e9thel du Var, Francky Febvay Simon Y\u00e9omans (et son \u00e9pouse) Directeur d&rsquo;Op\u00e9ration Mobilisation France. Pr\u00e9dicateur. Partenaire de l&rsquo;Eglise B\u00e9thel du &hellip; <a href=\"https:\/\/eglisebethelduvar.fr\/?page_id=41\">Continuer la lecture <span class=\"meta-nav\">&rarr;<\/span><\/a><\/p>\n","protected":false},"author":1,"featured_media":0,"parent":0,"menu_order":0,"comment_status":"closed","ping_status":"closed","template":"onecolumn-page.php","meta":[],"_links":{"self":[{"href":"https:\/\/eglisebethelduvar.fr\/index.php?rest_route=\/wp\/v2\/pages\/41"}],"collection":[{"href":"https:\/\/eglisebethelduvar.fr\/index.php?rest_route=\/wp\/v2\/pages"}],"about":[{"href":"https:\/\/eglisebethelduvar.fr\/index.php?rest_route=\/wp\/v2\/types\/page"}],"author":[{"embeddable":true,"href":"https:\/\/eglisebethelduvar.fr\/index.php?rest_route=\/wp\/v2\/users\/1"}],"replies":[{"embeddable":true,"href":"https:\/\/eglisebethelduvar.fr\/index.php?rest_route=%2Fwp%2Fv2%2Fcomments&post=41"}],"version-history":[{"count":8,"href":"https:\/\/eglisebethelduvar.fr\/index.php?rest_route=\/wp\/v2\/pages\/41\/revisions"}],"predecessor-version":[{"id":93,"href":"https:\/\/eglisebethelduvar.fr\/index.php?rest_route=\/wp\/v2\/pages\/41\/revisions\/93"}],"wp:attachment":[{"href":"https:\/\/eglisebethelduvar.fr\/index.php?rest_route=%2Fwp%2Fv2%2Fmedia&parent=41"}],"curies":[{"name":"wp","href":"https:\/\/api.w.org\/{rel}","templated":true}]}}